{"id":2080,"date":"2020-08-16T22:04:25","date_gmt":"2020-08-16T22:04:25","guid":{"rendered":"https:\/\/verein-dejure.ch\/?page_id=2080"},"modified":"2020-08-16T22:05:45","modified_gmt":"2020-08-16T22:05:45","slug":"isvicre-sosyal-yardim-hukukunda-mueyyideler","status":"publish","type":"page","link":"https:\/\/verein-dejure.ch\/index.php\/isvicre-sosyal-yardim-hukukunda-mueyyideler\/","title":{"rendered":"\u0130SV\u0130\u00c7RE SOSYAL YARDIM HUKUKUNDA M\u00dcEYY\u0130DELER"},"content":{"rendered":"\t\t<div data-elementor-type=\"wp-page\" data-elementor-id=\"2080\" class=\"elementor elementor-2080\" data-elementor-settings=\"[]\">\n\t\t\t\t\t\t<div class=\"elementor-inner\">\n\t\t\t\t\t\t\t<div class=\"elementor-section-wrap\">\n\t\t\t\t\t\t\t<section class=\"elementor-section elementor-top-section elementor-element elementor-element-c001a7f elementor-section-boxed elementor-section-height-default elementor-section-height-default\" data-id=\"c001a7f\" data-element_type=\"section\">\n\t\t\t\t\t\t<div class=\"elementor-container elementor-column-gap-default\">\n\t\t\t\t\t\t\t<div class=\"elementor-row\">\n\t\t\t\t\t<div class=\"elementor-column elementor-col-100 elementor-top-column elementor-element elementor-element-9d68e28\" data-id=\"9d68e28\" data-element_type=\"column\">\n\t\t\t<div class=\"elementor-column-wrap elementor-element-populated\">\n\t\t\t\t\t\t\t<div class=\"elementor-widget-wrap\">\n\t\t\t\t\t\t<div class=\"elementor-element elementor-element-3e32eac elementor-widget elementor-widget-text-editor\" data-id=\"3e32eac\" data-element_type=\"widget\" data-widget_type=\"text-editor.default\">\n\t\t\t\t<div class=\"elementor-widget-container\">\n\t\t\t\t\t\t\t\t<div class=\"elementor-text-editor elementor-clearfix\">\n\t\t\t\t<p class=\"Gvde\" align=\"center\" style=\"text-align:center\">\u0130SV\u0130\u00c7RE SOSYAL YARDIM\nHUKUKU<span lang=\"EN-US\">NDA<\/span><\/p><p class=\"Gvde\" align=\"center\" style=\"text-align:center\"><span lang=\"EN-US\">M<\/span>\u00dcEYY\u0130DELER<\/p><p class=\"Gvde\" align=\"center\" style=\"text-align:center\"><o:p>&nbsp;<\/o:p><\/p><p class=\"Gvde\" align=\"center\" style=\"text-align:center\"><o:p>&nbsp;<\/o:p><\/p><p class=\"Gvde\" style=\"text-align:justify;text-justify:inter-ideograph\">Isvi\u00e7re\nSosyal Yardim Hukuku ile ilgili su\u00e7 olu\u015fturan eyleme kar\u015f\u0131l\u0131k gelen cezalar ve\nbu eylemlerin hangi \u015fart ve ko\u015fullarda su\u00e7 te\u015fkil etti\u011fi Isvi\u00e7re Ceza Kanununun\n148a maddesinde a\u00e7\u0131k ve net bir \u015fekilde belirle<span lang=\"EN-US\">n<\/span>mi\u015ftir. Ilgili madde<span lang=\"EN-US\">,<\/span> sosyal sigorta ve sosyal yard\u0131m\n\u00f6deneklerinin yasad\u0131\u015f\u0131 bir \u015fekilde al\u0131nmas\u0131n\u0131 ve bunun sonucunda olu\u015facak\nhukuki sonu\u00e7lar\u0131<span lang=\"EN-US\">,<\/span>\nIsvi\u00e7re Ceza Kanununun&nbsp;\n146(doland\u0131r\u0131c\u0131l\u0131k) ve 251(evrakta sahtecilik) maddelerine de at\u0131f\nyaparak d\u00fczenlemi\u015ftir.<\/p><p class=\"Gvde\" style=\"text-align:justify;text-justify:inter-ideograph\"><o:p>&nbsp;<\/o:p><\/p><p class=\"Gvde\" style=\"text-align:justify;text-justify:inter-ideograph\">Isvi\u00e7re\nCeza Kanununun 148a maddesine g\u00f6re sosyal yard\u0131mdan yararlanan bir ki\u015finin\neylemlerinin su\u00e7 te\u015fkil edebilmesi i\u00e7in birka\u00e7 nesnel ve \u00f6znel unsuru bir arada\nbulundurmas\u0131 gerekir.<\/p><p class=\"Gvde\" style=\"text-align:justify;text-justify:inter-ideograph\"><o:p>&nbsp;<\/o:p><\/p><p class=\"Saptanm\" style=\"line-height:16.0pt\"><span lang=\"EN-US\" style=\"background-image: initial; background-position: initial; background-size: initial; background-repeat: initial; background-attachment: initial; background-origin: initial; background-clip: initial;\">Nesnel unsurlar;<o:p><\/o:p><\/span><\/p><p class=\"Saptanm\" style=\"margin-left:36.0pt;text-indent:-25.0pt;line-height:\n16.0pt;mso-list:l0 level1 lfo2\"><!--[if !supportLists]--><span lang=\"EN-US\" style=\"font-family:&quot;Arial&quot;,&quot;sans-serif&quot;;mso-fareast-font-family:Arial;\nposition:relative;top:1.0pt;mso-text-raise:-1.0pt\">\u2022<span style=\"font-style: normal; font-variant-numeric: normal; font-variant-east-asian: normal; font-weight: normal; font-stretch: normal; font-size: 7pt; line-height: normal; font-family: &quot;Times New Roman&quot;;\">&nbsp;&nbsp;&nbsp;&nbsp;&nbsp;&nbsp;&nbsp;&nbsp;&nbsp;\n<\/span><\/span><!--[endif]--><span lang=\"EN-US\" style=\"background-image: initial; background-position: initial; background-size: initial; background-repeat: initial; background-attachment: initial; background-origin: initial; background-clip: initial;\">aldatma,<o:p><\/o:p><\/span><\/p><p class=\"Saptanm\" style=\"margin-left:36.0pt;text-indent:-25.0pt;line-height:\n16.0pt;mso-list:l0 level1 lfo2\"><!--[if !supportLists]--><span lang=\"EN-US\" style=\"font-family:&quot;Arial&quot;,&quot;sans-serif&quot;;mso-fareast-font-family:Arial;\nposition:relative;top:1.0pt;mso-text-raise:-1.0pt\">\u2022<span style=\"font-style: normal; font-variant-numeric: normal; font-variant-east-asian: normal; font-weight: normal; font-stretch: normal; font-size: 7pt; line-height: normal; font-family: &quot;Times New Roman&quot;;\">&nbsp;&nbsp;&nbsp;&nbsp;&nbsp;&nbsp;&nbsp;&nbsp;&nbsp;\n<\/span><\/span><!--[endif]--><span lang=\"EN-US\" style=\"background-image: initial; background-position: initial; background-size: initial; background-repeat: initial; background-attachment: initial; background-origin: initial; background-clip: initial;\">hata,<o:p><\/o:p><\/span><\/p><p class=\"Saptanm\" style=\"margin-left:36.0pt;text-indent:-25.0pt;line-height:\n16.0pt;mso-list:l0 level1 lfo2\"><!--[if !supportLists]--><span lang=\"EN-US\" style=\"font-family:&quot;Arial&quot;,&quot;sans-serif&quot;;mso-fareast-font-family:Arial;\nposition:relative;top:1.0pt;mso-text-raise:-1.0pt\">\u2022<span style=\"font-style: normal; font-variant-numeric: normal; font-variant-east-asian: normal; font-weight: normal; font-stretch: normal; font-size: 7pt; line-height: normal; font-family: &quot;Times New Roman&quot;;\">&nbsp;&nbsp;&nbsp;&nbsp;&nbsp;&nbsp;&nbsp;&nbsp;&nbsp;\n<\/span><\/span><!--[endif]--><span lang=\"EN-US\" style=\"background-image: initial; background-position: initial; background-size: initial; background-repeat: initial; background-attachment: initial; background-origin: initial; background-clip: initial;\">bir\nsosyal yard\u0131m\u0131n yasad\u0131\u015f\u0131 bir \u015fekilde al\u0131nmas\u0131.<o:p><\/o:p><\/span><\/p><p class=\"Saptanm\" style=\"line-height:16.0pt\"><span lang=\"EN-US\" style=\"background-image: initial; background-position: initial; background-size: initial; background-repeat: initial; background-attachment: initial; background-origin: initial; background-clip: initial;\">\u00d6znel unsur;<o:p><\/o:p><\/span><\/p><p class=\"Saptanm\" style=\"margin-left:36.0pt;text-indent:-25.0pt;line-height:\n16.0pt;mso-list:l0 level1 lfo2\"><!--[if !supportLists]--><span lang=\"EN-US\" style=\"font-family:&quot;Arial&quot;,&quot;sans-serif&quot;;mso-fareast-font-family:Arial;\nposition:relative;top:1.0pt;mso-text-raise:-1.0pt\">\u2022<span style=\"font-style: normal; font-variant-numeric: normal; font-variant-east-asian: normal; font-weight: normal; font-stretch: normal; font-size: 7pt; line-height: normal; font-family: &quot;Times New Roman&quot;;\">&nbsp;&nbsp;&nbsp;&nbsp;&nbsp;&nbsp;&nbsp;&nbsp;&nbsp;\n<\/span><\/span><!--[endif]--><span lang=\"EN-US\" style=\"background-image: initial; background-position: initial; background-size: initial; background-repeat: initial; background-attachment: initial; background-origin: initial; background-clip: initial;\">Niyet.<o:p><\/o:p><\/span><\/p><p class=\"Gvde\" style=\"text-align:justify;text-justify:inter-ideograph\">Maddeye\ng\u00f6re sosyal sigorta yard\u0131mlar\u0131n\u0131n veya sosyal yard\u0131mlar\u0131n yasa d\u0131\u015f\u0131 olarak\nal\u0131nmas\u0131 su\u00e7unun olu\u015fabilmesi i\u00e7in \u00f6ncelikle bu yard\u0131m\u0131 alan ya da yararlanan\nki\u015finin kurumu aldatmaya y\u00f6nelik eylemlerde bulunmas\u0131 gerekir. Bu eylem farkl\u0131\n\u015fekillerde olabilir. \u00d6rne\u011fin, yanl\u0131\u015f veya eksik bilgi yoluyla, <span lang=\"SV\">\u00f6<\/span>zellikle finansal veya ki\u015fisel ko\u015fullar\u0131n\nyanl\u0131\u015f temsili yoluyla ger\u00e7ekle\u015febilir.&nbsp;Bir aldatma, <span lang=\"SV\">\u00f6<\/span>rne\u011fin bir<span lang=\"EN-US\"> kisinin<\/span> durumunun de\u011fi\u015fti\u011fini veya\niyile\u015fti\u011fini rapor edememesi <span lang=\"EN-US\">ya\nda<\/span> baz\u0131 ger\u00e7eklerin gizlenmesi.Aldatma, ma\u011fdur tarafta bir hataya yol\na\u00e7mal\u0131 veya mevcut bir hatada onu g\u00fc\u00e7lendirmelidir.&nbsp;Bu nedenle hata,\naldatman\u0131n bir sonucu olmal\u0131d\u0131r, yani aldatma ile hata aras\u0131nda nedensel bir\nba\u011flant\u0131 olmal\u0131d\u0131r.&nbsp;Hata, yan\u0131lt\u0131c\u0131 ki\u015finin veya \u00fc\u00e7\u00fcnc\u00fc bir taraf\u0131n,\nyetkisi olmayan sosyal g\u00fcvenlik veya sosyal yard\u0131m <span lang=\"SV\">\u00f6<\/span>denekleri almas\u0131yla sonu\u00e7lanmal\u0131d\u0131r. Son\nolarak \u00f6znel unsur olan niyette f<span lang=\"NL\">ail,\nnesnel ger<\/span>\u00e7e\u011fi bil<span lang=\"EN-US\">mel<\/span>i\nve <span lang=\"EN-US\">bu eylemin gercekle\u015fmesini\nistemelidir <\/span>veya en az\u0131ndan fiilin ba\u015far\u0131lmas\u0131n\u0131 m\u00fcmk\u00fcn k\u0131lmal\u0131 ve kabul\netmelidir. Yani sosyal yard\u0131mdan yararlanan ki\u015fi nesnel unsurlar\u0131n hepsini\nbilerek ve isteyerek ger\u00e7ekle\u015ftirmelidir.<\/p><p class=\"Gvde\" style=\"text-align:justify;text-justify:inter-ideograph\"><o:p>&nbsp;<\/o:p><\/p><p class=\"Gvde\" style=\"text-align:justify;text-justify:inter-ideograph\">Isvi\u00e7re\nCeza Kanununun 148a maddesi<span lang=\"EN-US\">,<\/span>\nayr\u0131ca 146. maddeye <span lang=\"EN-US\">de <\/span>at\u0131f\nyapmaktad\u0131r. Bu madde doland\u0131r\u0131c\u0131l\u0131k su\u00e7unu d\u00fczenlemektedir. Bu maddeye g\u00f6re\nsu\u00e7un olu\u015fabilmesi ve bir ki\u015finin doland\u0131r\u0131c\u0131l\u0131ktan dolay\u0131 cezaland\u0131r\u0131labilmesi\ni\u00e7in a\u015fa\u011f\u0131daki nesnel ve \u00f6znel kriterler kar\u015f\u0131lanmal\u0131d\u0131r:<\/p><p class=\"Saptanm\" style=\"line-height:16.0pt\"><span lang=\"EN-US\" style=\"background-image: initial; background-position: initial; background-size: initial; background-repeat: initial; background-attachment: initial; background-origin: initial; background-clip: initial;\"><o:p>&nbsp;<\/o:p><\/span><\/p><p class=\"Saptanm\" style=\"line-height:16.0pt\"><span lang=\"EN-US\" style=\"background-image: initial; background-position: initial; background-size: initial; background-repeat: initial; background-attachment: initial; background-origin: initial; background-clip: initial;\">Nesnel ger\u00e7ekler;<o:p><\/o:p><\/span><\/p><p class=\"Saptanm\" style=\"margin-left:36.0pt;text-indent:-25.0pt;line-height:\n16.0pt;mso-list:l0 level1 lfo2\"><!--[if !supportLists]--><span lang=\"EN-US\" style=\"font-family:&quot;Arial&quot;,&quot;sans-serif&quot;;mso-fareast-font-family:Arial;\nposition:relative;top:1.0pt;mso-text-raise:-1.0pt\">\u2022<span style=\"font-style: normal; font-variant-numeric: normal; font-variant-east-asian: normal; font-weight: normal; font-stretch: normal; font-size: 7pt; line-height: normal; font-family: &quot;Times New Roman&quot;;\">&nbsp;&nbsp;&nbsp;&nbsp;&nbsp;&nbsp;&nbsp;&nbsp;&nbsp;\n<\/span><\/span><!--[endif]--><span lang=\"EN-US\" style=\"background-image: initial; background-position: initial; background-size: initial; background-repeat: initial; background-attachment: initial; background-origin: initial; background-clip: initial;\">Hileli\naldatma,<o:p><\/o:p><\/span><\/p><p class=\"Saptanm\" style=\"margin-left:36.0pt;text-indent:-25.0pt;line-height:\n16.0pt;mso-list:l0 level1 lfo2\"><!--[if !supportLists]--><span lang=\"EN-US\" style=\"font-family:&quot;Arial&quot;,&quot;sans-serif&quot;;mso-fareast-font-family:Arial;\nposition:relative;top:1.0pt;mso-text-raise:-1.0pt\">\u2022<span style=\"font-style: normal; font-variant-numeric: normal; font-variant-east-asian: normal; font-weight: normal; font-stretch: normal; font-size: 7pt; line-height: normal; font-family: &quot;Times New Roman&quot;;\">&nbsp;&nbsp;&nbsp;&nbsp;&nbsp;&nbsp;&nbsp;&nbsp;&nbsp;\n<\/span><\/span><!--[endif]--><span lang=\"EN-US\" style=\"background-image: initial; background-position: initial; background-size: initial; background-repeat: initial; background-attachment: initial; background-origin: initial; background-clip: initial;\">Hata (Aldatman\u0131n\nbir sonucu olarak),<o:p><\/o:p><\/span><\/p><p class=\"Saptanm\" style=\"margin-left:36.0pt;text-indent:-25.0pt;line-height:\n16.0pt;mso-list:l0 level1 lfo2\"><!--[if !supportLists]--><span lang=\"EN-US\" style=\"font-family:&quot;Arial&quot;,&quot;sans-serif&quot;;mso-fareast-font-family:Arial;\nposition:relative;top:1.0pt;mso-text-raise:-1.0pt\">\u2022<span style=\"font-style: normal; font-variant-numeric: normal; font-variant-east-asian: normal; font-weight: normal; font-stretch: normal; font-size: 7pt; line-height: normal; font-family: &quot;Times New Roman&quot;;\">&nbsp;&nbsp;&nbsp;&nbsp;&nbsp;&nbsp;&nbsp;&nbsp;&nbsp;\n<\/span><\/span><!--[endif]--><span lang=\"EN-US\" style=\"background-image: initial; background-position: initial; background-size: initial; background-repeat: initial; background-attachment: initial; background-origin: initial; background-clip: initial;\">Varl\u0131\u011f\u0131n\u0131\nart\u0131rma arzusu (Hatan\u0131n sonucu olarak),<o:p><\/o:p><\/span><\/p><p class=\"Saptanm\" style=\"margin-left:36.0pt;text-indent:-25.0pt;line-height:\n16.0pt;mso-list:l0 level1 lfo2\"><!--[if !supportLists]--><span lang=\"EN-US\" style=\"font-family:&quot;Arial&quot;,&quot;sans-serif&quot;;mso-fareast-font-family:Arial;\nposition:relative;top:1.0pt;mso-text-raise:-1.0pt\">\u2022<span style=\"font-style: normal; font-variant-numeric: normal; font-variant-east-asian: normal; font-weight: normal; font-stretch: normal; font-size: 7pt; line-height: normal; font-family: &quot;Times New Roman&quot;;\">&nbsp;&nbsp;&nbsp;&nbsp;&nbsp;&nbsp;&nbsp;&nbsp;&nbsp;\n<\/span><\/span><!--[endif]--><span lang=\"EN-US\" style=\"background-image: initial; background-position: initial; background-size: initial; background-repeat: initial; background-attachment: initial; background-origin: initial; background-clip: initial;\">Mali\nkay\u0131p (Ma\u011fdurun,yani yardim al\u0131nan kurulu\u015fun malvarl\u0131\u011f\u0131ndaki azalma).<o:p><\/o:p><\/span><\/p><p class=\"Saptanm\" style=\"line-height:16.0pt\"><span lang=\"EN-US\" style=\"background-image: initial; background-position: initial; background-size: initial; background-repeat: initial; background-attachment: initial; background-origin: initial; background-clip: initial;\">\u00d6znel ger\u00e7ekler;<o:p><\/o:p><\/span><\/p><p class=\"Saptanm\" style=\"margin-left:36.0pt;text-indent:-25.0pt;line-height:\n16.0pt;mso-list:l0 level1 lfo2\"><!--[if !supportLists]--><span lang=\"EN-US\" style=\"font-family:&quot;Arial&quot;,&quot;sans-serif&quot;;mso-fareast-font-family:Arial;\nposition:relative;top:1.0pt;mso-text-raise:-1.0pt\">\u2022<span style=\"font-style: normal; font-variant-numeric: normal; font-variant-east-asian: normal; font-weight: normal; font-stretch: normal; font-size: 7pt; line-height: normal; font-family: &quot;Times New Roman&quot;;\">&nbsp;&nbsp;&nbsp;&nbsp;&nbsp;&nbsp;&nbsp;&nbsp;&nbsp;\n<\/span><\/span><!--[endif]--><span lang=\"EN-US\" style=\"background-image: initial; background-position: initial; background-size: initial; background-repeat: initial; background-attachment: initial; background-origin: initial; background-clip: initial;\">Niyet\nve<o:p><\/o:p><\/span><\/p><p class=\"Saptanm\" style=\"margin-left:36.0pt;text-indent:-25.0pt;line-height:\n16.0pt;mso-list:l0 level1 lfo2\"><!--[if !supportLists]--><span lang=\"EN-US\" style=\"font-family:&quot;Arial&quot;,&quot;sans-serif&quot;;mso-fareast-font-family:Arial;\nposition:relative;top:1.0pt;mso-text-raise:-1.0pt\">\u2022<span style=\"font-style: normal; font-variant-numeric: normal; font-variant-east-asian: normal; font-weight: normal; font-stretch: normal; font-size: 7pt; line-height: normal; font-family: &quot;Times New Roman&quot;;\">&nbsp;&nbsp;&nbsp;&nbsp;&nbsp;&nbsp;&nbsp;&nbsp;&nbsp;\n<\/span><\/span><!--[endif]--><span lang=\"EN-US\" style=\"background-image: initial; background-position: initial; background-size: initial; background-repeat: initial; background-attachment: initial; background-origin: initial; background-clip: initial;\">Kendini\nveya bir ba\u015fkas\u0131n\u0131 zenginle\u015ftirme istegi.<o:p><\/o:p><\/span><\/p><p class=\"Gvde\" style=\"text-align:justify;text-justify:inter-ideograph\"><o:p>&nbsp;<\/o:p><\/p><p class=\"Gvde\" style=\"text-align:justify;text-justify:inter-ideograph\">146.\nmaddeye g\u00f6re doland\u0131r\u0131c\u0131l\u0131k su\u00e7unun olu\u015fabilmesi i\u00e7in ki\u015finin kendisini ya da\nbir ba\u015fkas\u0131n\u0131 zenginle\u015ftirmek amac\u0131 ile aldatmaya y\u00f6nelik, hatal\u0131 ve yanl\u0131\u015f\nbilgileri ma\u011fdur kuruma vermeli ve bunun sonucunda kendisinin ya da\nzenginle\u015ftirme<span lang=\"EN-US\">k isted<\/span>i\u011fi\n<span lang=\"EN-US\">bir <\/span>ba\u015fkas\u0131n\u0131n\nmalvarl\u0131\u011f\u0131nda art\u0131\u015f olmal\u0131 ve bu durum<span lang=\"EN-US\">,<\/span> ma\u011fdur kurumun malvarl\u0131\u011f\u0131nda azalmaya yol a\u00e7mal\u0131d\u0131r.\n\u00d6rne\u011fin;ihmal ile, yetkili makama kendileri taraf\u0131ndan bilinen bir hesab\u0131n\nbilgisini veren, ancak gizli bir hesaptaki varl\u0131klar\u0131 a\u00e7\u0131klamayan&nbsp;ki\u015filer\nbu su\u00e7u i\u015flemi\u015f olur. Ya da kendisi ad\u0131na olmayan ancak ba\u015fka birisi \u00fczerinden\nticari faaliyet ger\u00e7ekle\u015ftirip bunu ilgili kuruma beyan etmeyen ki\u015fi de bu su\u00e7u\ni\u015flemi\u015f olur. <\/p><p class=\"Saptanm\"><span class=\"Yok\"><b><u><span lang=\"EN-US\" style=\"background-image: initial; background-position: initial; background-size: initial; background-repeat: initial; background-attachment: initial; background-origin: initial; background-clip: initial;\">Kendini\nveya ba\u015fkalar\u0131n\u0131 yasad\u0131\u015f\u0131 yollarla zenginle\u015ftirmek amac\u0131yla, ger\u00e7ekleri taklit\nederek veya bast\u0131rarak hileli bir \u015fekilde yan\u0131lt\u0131c\u0131 olan veya hileli bir\n\u015fekilde bir hata yapmas\u0131n\u0131 te\u015fvik eden ve b\u00f6ylece hatal\u0131 olan\u0131n kendisine veya\nba\u015fkalar\u0131n\u0131n varl\u0131klar\u0131na zarar verecek \u015fekilde davranan ki\u015fi, be\u015f y\u0131la kadar\nhapis veya para cezas\u0131 ile cezaland\u0131r\u0131l\u0131r.<\/span><\/u><\/b><\/span><span lang=\"EN-US\" style=\"background-image: initial; background-position: initial; background-size: initial; background-repeat: initial; background-attachment: initial; background-origin: initial; background-clip: initial;\"><o:p><\/o:p><\/span><\/p><p class=\"Saptanm\"><b><u><span lang=\"EN-US\" style=\"background-image: initial; background-position: initial; background-size: initial; background-repeat: initial; background-attachment: initial; background-origin: initial; background-clip: initial;\">Su\u00e7lu ticari\nolarak hareket ederse, on y\u0131la kadar hapis cezas\u0131 veya 90&#8217;dan az olmayan g\u00fcnl\u00fck\npara cezas\u0131 ile cezaland\u0131r\u0131lacakt\u0131r.<o:p><\/o:p><\/span><\/u><\/b><\/p><p class=\"Saptanm\"><b><u><span lang=\"EN-US\" style=\"background-image: initial; background-position: initial; background-size: initial; background-repeat: initial; background-attachment: initial; background-origin: initial; background-clip: initial;\"><o:p><span style=\"text-decoration-line: none;\">&nbsp;<\/span><\/o:p><\/span><\/u><\/b><\/p><p class=\"Gvde\" style=\"text-align:justify;text-justify:inter-ideograph\">148.\nmaddenin at\u0131f yapt\u0131\u011f\u0131 bir di\u011fer madde, evrakta sahtecilik su\u00e7unu d\u00fczenleyen\n251. maddedir. Birinin mal\u0131na veya di\u011fer haklar\u0131na zarar vermek veya kendisi veya\nba\u015fkas\u0131 i\u00e7in yasad\u0131\u015f\u0131 bir avantaj elde etmek isteyen herkes bu su\u00e7u\ni\u015fleyebilir. Sosyal yardim hukukunda, kuruma sunulan belgelerde, belge sahibi\nsundu\u011fu belgelerde herhangi bir de\u011fi\u015fiklik yapt\u0131\u011f\u0131 ya da kendisi ger\u00e7e\u011fe ayk\u0131r\u0131\nbir belge tanzim etti\u011fi takdirde bu su\u00e7u i\u015flemi\u015f olur. \u00d6rne\u011fin ki\u015fi\n\u00e7al\u0131\u015famayaca\u011f\u0131na dair bir doktor raporunu kendisi d\u00fczenler ya da d\u00fczenlenmi\u015f\nbir belgenin \u00f6rne\u011fin s\u00fcresinde bir tahrifat yaparsa bu da su\u00e7u olu\u015fturur. <\/p><p class=\"Gvde\" style=\"text-align:justify;text-justify:inter-ideograph\"><b><u>Birinin\nmal\u0131na veya di\u011fer haklar\u0131na zarar vermek veya kendisi veya ba\u015fkas\u0131 i\u00e7in\nyasad\u0131\u015f\u0131 bir avantaj elde etmek isteyen herkes, bir belgeyi tahrif eder, sahte\nbir belge olu\u015fturmak i\u00e7in ba\u015fkas\u0131n\u0131n ger\u00e7ek imzas\u0131n\u0131 veya el i\u015faretini kullan\u0131r\nveya yanl\u0131\u015f bir \u015fekilde tasdik ederse evrakta sahtecilik su\u00e7u olu\u015fmu\u015f olur ve be\u015f\ny\u0131la kadar hapis veya para cezas\u0131 ile cezaland\u0131r\u0131l\u0131r. \u00d6zellikle hafif\nvakalarda, \u00fc\u00e7 y\u0131la kadar hapis veya para cezas\u0131 tan\u0131nabilir.<o:p><\/o:p><\/u><\/b><\/p><p class=\"Gvde\" style=\"text-align:justify;text-justify:inter-ideograph\"><o:p>&nbsp;<\/o:p><\/p><p class=\"Gvde\" style=\"text-align:justify;text-justify:inter-ideograph\">Dolay\u0131s\u0131yla\nSosyal Yardim Hukuku \u00e7ok dikkatle hareket edilmesi gereken, en ufak yanl\u0131\u015f\nbilgilendirmenin dahi su\u00e7 te\u015fkil edebilece\u011fi bir aland\u0131r. Bu nedenle hukuki\na\u00e7\u0131dan geri d\u00f6n\u00fclemez zararlar\u0131n ortaya \u00e7\u0131kmamas\u0131 a\u00e7\u0131s\u0131ndan \u00e7ok \u00f6nemli ve\nehemmiyet g\u00f6sterilmesi gereken bir husustur.<\/p><p class=\"Gvde\" style=\"text-align:justify;text-justify:inter-ideograph\"><o:p>&nbsp;<\/o:p><\/p><p class=\"Gvde\" style=\"text-align:justify;text-justify:inter-ideograph\"><o:p>&nbsp;<\/o:p><\/p><p class=\"Gvde\" align=\"center\" style=\"text-align:center\">\n\n\n\n\n\n\n\n\n\n\n\n\n\n\n\n\n\n\n\n\n\n\n\n\n\n\n\n\n\n\n\n\n\n\n\n\n\n\n\n\n\n\n\n\n\n\n\n\n\n\n\n\n\n\n\n\n\n\n\n\n\n\n\n\n\n\n\n\n\n\n\n\n\n<\/p><p class=\"Gvde\" style=\"text-align:justify;text-justify:inter-ideograph\"><span lang=\"EN-US\">Mustafa Konya<\/span><\/p>\t\t\t\t\t<\/div>\n\t\t\t\t\t\t<\/div>\n\t\t\t\t<\/div>\n\t\t\t\t\t\t<\/div>\n\t\t\t\t\t<\/div>\n\t\t<\/div>\n\t\t\t\t\t\t\t\t<\/div>\n\t\t\t\t\t<\/div>\n\t\t<\/section>\n\t\t\t\t\t\t<\/div>\n\t\t\t\t\t\t<\/div>\n\t\t\t\t\t<\/div>\n\t\t","protected":false},"excerpt":{"rendered":"<p>\u0130SV\u0130\u00c7RE SOSYAL YARDIM HUKUKUNDA M\u00dcEYY\u0130DELER &nbsp; &nbsp; Isvi\u00e7re Sosyal Yardim Hukuku ile ilgili su\u00e7 olu\u015fturan eyleme kar\u015f\u0131l\u0131k gelen cezalar ve bu eylemlerin hangi \u015fart ve ko\u015fullarda su\u00e7 te\u015fkil etti\u011fi Isvi\u00e7re Ceza Kanununun 148a maddesinde a\u00e7\u0131k ve net bir \u015fekilde belirlenmi\u015ftir. Ilgili madde, sosyal sigorta ve sosyal yard\u0131m \u00f6deneklerinin yasad\u0131\u015f\u0131 bir \u015fekilde al\u0131nmas\u0131n\u0131 ve bunun sonucunda &hellip;<\/p>\n<p class=\"read-more\"> <a class=\"\" href=\"https:\/\/verein-dejure.ch\/index.php\/isvicre-sosyal-yardim-hukukunda-mueyyideler\/\"> <span class=\"screen-reader-text\">\u0130SV\u0130\u00c7RE SOSYAL YARDIM HUKUKUNDA M\u00dcEYY\u0130DELER<\/span> Devam\u0131 &raquo;<\/a><\/p>\n","protected":false},"author":1,"featured_media":0,"parent":0,"menu_order":0,"comment_status":"closed","ping_status":"closed","template":"","meta":{"site-sidebar-layout":"no-sidebar","site-content-layout":"page-builder","ast-main-header-display":"","ast-hfb-above-header-display":"","ast-hfb-below-header-display":"","ast-hfb-mobile-header-display":"","site-post-title":"disabled","ast-breadcrumbs-content":"","ast-featured-img":"disabled","footer-sml-layout":"","theme-transparent-header-meta":"default","adv-header-id-meta":"","stick-header-meta":"","header-above-stick-meta":"","header-main-stick-meta":"","header-below-stick-meta":""},"_links":{"self":[{"href":"https:\/\/verein-dejure.ch\/index.php\/wp-json\/wp\/v2\/pages\/2080"}],"collection":[{"href":"https:\/\/verein-dejure.ch\/index.php\/wp-json\/wp\/v2\/pages"}],"about":[{"href":"https:\/\/verein-dejure.ch\/index.php\/wp-json\/wp\/v2\/types\/page"}],"author":[{"embeddable":true,"href":"https:\/\/verein-dejure.ch\/index.php\/wp-json\/wp\/v2\/users\/1"}],"replies":[{"embeddable":true,"href":"https:\/\/verein-dejure.ch\/index.php\/wp-json\/wp\/v2\/comments?post=2080"}],"version-history":[{"count":4,"href":"https:\/\/verein-dejure.ch\/index.php\/wp-json\/wp\/v2\/pages\/2080\/revisions"}],"predecessor-version":[{"id":2084,"href":"https:\/\/verein-dejure.ch\/index.php\/wp-json\/wp\/v2\/pages\/2080\/revisions\/2084"}],"wp:attachment":[{"href":"https:\/\/verein-dejure.ch\/index.php\/wp-json\/wp\/v2\/media?parent=2080"}],"curies":[{"name":"wp","href":"https:\/\/api.w.org\/{rel}","templated":true}]}}